divide 981?
False
Does 2 divide 167?
False
Is 21 a factor of 37821?
True
Does 65 divide 2299?
False
Is 1471 a multiple of 22?
False
Does 13 divide 59358?
True
Is 14 a multiple of 2?
True
Does 52 divide 260?
True
Is 27 a factor of 33655?
False
Is 109989 a multiple of 33?
True
Is 6 a factor of 450?
True
Is 44 a factor of 2207?
False
Is 800 a multiple of 8?
True
Is 30733 a multiple of 73?
True
Does 37 divide 2923?
True
Is 7252 a multiple of 98?
True
Is 95 a factor of 14345?
True
Is 105 a factor of 25535?
False
Is 49 a factor of 1813?
True
Does 30 divide 4410?
True
Is 168 a multiple of 8?
True
Is 3546 a multiple of 9?
True
Is 4 a factor of 76?
True
Is 5 a factor of 17843?
False
Is 65 a factor of 520?
True
Is 71516 a multiple of 9?
False
Does 14 divide 14?
True
Is 465 a multiple of 93?
True
Does 8 divide 1568?
True
Is 29746 a multiple of 48?
False
Is 12 a factor of 4008?
True
Is 6374 a multiple of 10?
False
Does 39 divide 8237?
False
Does 95 divide 7505?
True
Is 16974 a multiple of 123?
True
Does 53 divide 318?
True
Does 8 divide 22336?
True
Does 8 divide 2952?
True
Is 206 a factor of 58504?
True
Does 132 divide 1716?
True
Is 31 a factor of 15237?
False
Is 30 a factor of 132?
False
Is 50 a factor of 46425?
False
Is 9362 a multiple of 5?
False
Is 35 a factor of 5285?
True
Is 154 a factor of 49670?
False
Does 21 divide 2055?
False
Is 58435 a multiple of 29?
True
Is 22624 a multiple of 112?
True
Is 38 a factor of 6551?
False
Is 31 a multiple of 24?
False
Does 16 divide 288?
True
Does 41 divide 4223?
True
Does 94 divide 2444?
True
Is 10192 a multiple of 196?
True
Is 1378 a multiple of 13?
True
Is 19421 a multiple of 109?
False
Does 44 divide 113318?
False
Is 293 a multiple of 9?
False
Does 13 divide 1664?
True
Is 2208 a multiple of 48?
True
Does 37 divide 1443?
True
Does 205 divide 3485?
True
Is 287 a factor of 16072?
True
Is 533 a multiple of 154?
False
Does 65 divide 1573?
False
Does 20 divide 3240?
True
Is 588 a multiple of 12?
True
Does 52 divide 10816?
True
Does 66 divide 3943?
False
Is 3 a factor of 189?
True
Is 25 a factor of 88894?
False
Is 19 a factor of 798?
True
Is 12515 a multiple of 47?
False
Is 35 a factor of 5180?
True
Is 22 a factor of 352?
True
Does 14 divide 560?
True
Is 238 a factor of 158508?
True
Is 12 a factor of 87768?
True
Does 27 divide 28636?
False
Is 413 a factor of 40474?
True
Is 54 a factor of 5292?
True
Does 22 divide 3200?
False
Does 13 divide 2714?
False
Does 63 divide 567?
True
Is 2442 a multiple of 37?
True
Is 12 a factor of 1094?
False
Does 4 divide 13040?
True
Is 14 a factor of 17991?
False
Is 1610 a multiple of 115?
True
Is 136 a multiple of 17?
True
Is 39 a factor of 8925?
False
Does 50 divide 6200?
True
Is 37523 a multiple of 146?
False
Is 28 a factor of 10897?
False
Is 82 a factor of 4346?
True
Is 2015 a multiple of 31?
True
Does 28 divide 5096?
True
Does 311 divide 17506?
False
Is 67 a factor of 2877?
False
Does 5 divide 60?
True
Is 88 a multiple of 11?
True
Is 16 a factor of 320?
True
Is 4296 a multiple of 3?
True
Is 917 a multiple of 249?
False
Does 36 divide 5778?
False
Is 47 a factor of 1316?
True
Is 114 even?
True
Does 99 divide 3861?
True
Is 24257 a multiple of 15?
False
Is 12829 a multiple of 13?
False
Is 148320 a multiple of 240?
True
Does 25 divide 5344?
False
Does 7 divide 176?
False
Does 24 divide 1920?
True
Does 10 divide 311?
False
Is 7680 a multiple of 12?
True
Is 4 a factor of 3037?
False
Is 35 a factor of 1207?
False
Is 76 a factor of 6919?
False
Is 10544 a multiple of 9?
False
Does 19 divide 2134?
False
Does 13 divide 66353?
False
Does 37 divide 1665?
True
Does 66 divide 3630?
True
Does 123 divide 6888?
True
Is 13 a factor of 5642?
True
Does 115 divide 8625?
True
Is 14346 a multiple of 3?
True
Is 17527 a multiple of 55?
False
Is 224 a multiple of 7?
True
Is 8723 a multiple of 61?
True
Is 7687 a multiple of 12?
False
Is 6 a factor of 1926?
True
Is 22132 a multiple of 22?
True
Does 9 divide 495?
True
Is 26 a factor of 398?
False
Is 32176 a multiple of 16?
True
Does 54 divide 8709?
False
Is 4950 a multiple of 6?
True
Does 41 divide 2173?
True
Is 13 a factor of 845?
True
Is 6 a factor of 9?
False
Is 277 a multiple of 21?
False
Is 97735 a multiple of 19?
False
Does 13 divide 62?
False
Is 2 a factor of 2331?
False
Is 13 a factor of 157?
False
Is 25177 a multiple of 64?
False
Is 28 a factor of 107268?
True
Is 23370 a multiple of 19?
True
Does 59 divide 1391?
False
Is 3831 a multiple of 24?
False
Is 46652 a multiple of 30?
False
Is 2 a factor of 6591?
False
Does 107 divide 58482?
False
Is 189 a multiple of 7?
True
Is 6 a factor of 726?
True
Is 18743 a multiple of 54?
False
Is 8 a factor of 456?
True
Is 325 a factor of 42844?
False
Is 70538 a multiple of 26?
True
Is 198 a factor of 5940?
True
Does 49 divide 3283?
True
Does 34 divide 41?
False
Is 61 a factor of 5795?
True
Does 12 divide 33629?
False
Does 48 divide 2810?
False
Is 34 a factor of 1292?
True
Is 64 a factor of 26432?
True
Is 147 a multiple of 21?
True
Is 138361 a multiple of 161?
False
Is 55 a multiple of 7?
False
Is 34204 a multiple of 92?
False
Is 31 a factor of 109275?
True
Is 48 a factor of 1275?
False
Is 193 even?
False
Is 5 a factor of 329?
False
Is 7450 a multiple of 12?
False
Is 2 a factor of 140?
True
Does 3 divide 559?
False
Is 38192 a multiple of 22?
True
Does 26 divide 3786?
False
Does 105 divide 2940?
True
Is 13 a factor of 708?
False
Is 44 a factor of 2112?
True
Does 10 divide 1000?
True
Does 17 divide 23828?
False
Is 63693 a multiple of 9?
True
Is 21 a factor of 441?
True
Is 18 a factor of 1182?
False
Does 21 divide 62353?
False
Is 2424 a multiple of 84?
False
Does 12 divide 202?
False
Is 53 a factor of 4505?
True
Does 33 divide 1188?
True
Is 27480 a multiple of 60?
True
Does 17 divide 19176?
True
Is 30 a factor of 18720?
True
Is 7830 a multiple of 87?
True
Is 2772 a multiple of 42?
True
Is 10 a factor of 410?
True
Is 16 a factor of 13408?
True
Is 18 a factor of 1924?
False
Is 30 a multiple of 17?
False
Is 24 a factor of 938?
False
Does 46 divide 4617?
False
Does 23 divide 1449?
True
Is 77 a factor of 5467?
True
Is 121 a factor of 15730?
True
Is 3347 a multiple of 60?
False
Is 37 a factor of 336?
False
Does 27 divide 21708?
True
Is 8576 a multiple of 32?
True
Is 12098 a multiple of 6?
False
Does 6 divide 552?
True
Does 164 divide 14884?
False
Is 18486 a multiple of 234?
True
Is 1554 a multiple of 3?
True
Is 23 a factor of 4773?
False
Is 13 a factor of 4823?
True
Does 17 divide 30513?
False
Is 1188 a multiple of 11?
True
Does 13 divide 17344?
False
Does 74 divide 787?
False
Does 26 divide 698?
False
Is 59 a multiple of 2?
False
Is 92 a factor of 5888?
True
Is 1496 a multiple of 22?
True
Is 1748 a multiple of 19?
True
Is 169 a factor of 11154?
True
Does 8 divide 512?
True
Is 4 a factor of 800?
True
Is 23 a factor of 1817?
True
Is 12 a factor of 1476?
True
Is 163 a multiple of 32?
False
Does 39 divide 30264?
True
Is 19 a factor of 4864?
True
Does 39 divide 19344?
True
Is 124 a factor of 165?
False
Is 576 a multiple of 3?
True
Is 30488 a multiple of 103?
True
Is 323 a multiple of 7?
False
Does 19 divide 228?
True
Is 15 a factor of 2162?
False
Is 2460 a multiple of 82?
True
Does 4 divide 151?
False
Does 8 divide 320?
True
Does 30 divide 121650?
True
Is 28 a factor of 1204?
True
Is 168 a multiple of 21?
True
Is 4400 a multiple of 88?
True
Is 183 even?
False
Is 4 a factor of 521?
False
Does 196 divide 19330?
False
Is 898 a multiple of 88?
False
Is 3024 a multiple of 16?
True
Is 446 a multiple of 83?
False
Is 6348 a multiple of 138?
True
Does 98 divide 1801?
False
Does 8 divide 112?
True
Is 15 a factor of 1437?
False
Is 756 a multiple of 21?
True
Is 15253 a multiple of 90?
False
Does 13 divide 17142?
False
Is 56 a factor of 14440?
False
Does 2 divide 77?
False
Is 36 a factor of 1152?
True
Is 753 a multiple of 18?
False
Does 233 divide 17242?
True
Is 198 a factor of 4480?
False
Does 3 divide 5821?
False
Is 30960 a multiple of 258?
True
Is 9 a factor of 108?
True
Is 105 a multiple of 7?
True
Is 71 a factor of 14421?
False
Is 15 a factor of 1050?
True
Does 11 divide 3784?
True
Is 109 a factor of 10573?
True
Is 240 a multiple of 10?
True
Is 855 a multiple of 45?
True
Is 164 a factor of 18293?
False
Is 27905 even?
False
Is 18401 a multi